{"id":2,"date":"2011-02-01T17:47:46","date_gmt":"2011-02-01T17:47:46","guid":{"rendered":"http:\/\/rolfblomberg.se\/?page_id=2"},"modified":"2023-12-28T22:23:46","modified_gmt":"2023-12-28T22:23:46","slug":"about","status":"publish","type":"page","link":"https:\/\/rolfblomberg.se\/?page_id=2","title":{"rendered":"Om ROLF BLOMBERG &#8211; FOLKHEMMETS \u00c4VENTYRARE"},"content":{"rendered":"<p>Detta \u00e4r den svenska sidan om Rolf Blomberg, mannen som v\u00e5gade leva sin dr\u00f6m.<\/p>\n<p>H\u00e4r f\u00e4rdas l\u00e4saren i Rolfs fotsp\u00e5r, precis som jag gjorde under researchen till min bok Folkhemmets \u00e4ventyrare &#8211; en biografi om forskningsluffaren Rolf Blomberg.<\/p>\n<p>Han var den siste \u00e4ventyraren i sitt slag.<\/p>\n<p>Forskningsresande, f\u00f6rfattare, fotograf, krigskorrespondent, m\u00e4nniskor\u00e4tts- och milj\u00f6k\u00e4mpe, uppt\u00e4ckare av nya djurarter och skatts\u00f6kare. I mer \u00e4n fyrtio \u00e5r \u00f6ppnade Rolf Blomberg v\u00e4rlden f\u00f6r svenska hem. Sj\u00e4lv kallade han sig f\u00f6r forskningsluffare.<\/p>\n<p>Men bakom bilden av folkhemmets \u00e4ventyrare fanns ett stormigt familjeliv, barn som hamnade i kl\u00e4m, h\u00e5rt anstr\u00e4ngd ekonomi, grubbel och sj\u00e4lvtvivel. En man som betalade ett h\u00f6gt personligt pris f\u00f6r det fria liv han valde.<\/p>\n<p>F\u00f6lj med p\u00e5 \u00e4ventyret. Fr\u00e5n barndomens Lindesberg och Stocksund, genom Amazonas regnskogar och gerillans Colombia, vidare p\u00e5 jakt efter den stora inkaskatten i Andernas kartl\u00f6sa bergsmassiv. Via uts\u00e5lda f\u00f6rel\u00e4sningsturn\u00e9er och k\u00e4ndisskapets rampljus, fram till l\u00e4genheten i Ecuador d\u00e4r den sv\u00e5rt sjuke legendaren framlevde sin \u00e5lderdom som en turistattraktion.<\/p>\n<p>P\u00e5 denna sida publiceras m\u00e4ngder av bonusmaterial som inte finns i boken &#8211; bilder, intervjuer, teckningar, utdrag ur Rolfs privata handskrifter och expeditionsdagb\u00f6cker, tankar och en hel del kuriosa.<\/p>\n<p>D\u00e4rtill publiceras texter som har med Rolfs v\u00e4nkrets och intressen att g\u00f6ra, emellan\u00e5t texter som har med biografiskrivande att g\u00f6ra.<\/p>\n<p>Klicka in er p\u00e5 &#8221;Arkiv&#8221;.<\/p>\n<p>Detta \u00e4r Rolf Blombergs \u00e5terkomst &#8211; f\u00f6r dig som minns och vill \u00e5teruppt\u00e4cka, f\u00f6r dig som vill veta mer och f\u00f6r dig som \u00e4r ny p\u00e5 resan: v\u00e4lkommen till \u00e4ventyret!<\/p>\n<p><strong>Walter Repo<\/strong><\/p>\n<p><a href=\"https:\/\/media.rolfblomberg.se\/2011\/02\/orm5515.jpg\"><img decoding=\"async\" loading=\"lazy\" class=\"alignnone size-medium wp-image-886\" title=\"orm5515\" src=\"https:\/\/media.rolfblomberg.se\/2011\/02\/orm5515-225x300.jpg\" alt=\"\" width=\"225\" height=\"300\" srcset=\"https:\/\/media.rolfblomberg.se\/2011\/02\/orm5515-225x300.jpg 225w, https:\/\/media.rolfblomberg.se\/2011\/02\/orm5515.jpg 567w\" sizes=\"(max-width: 225px) 100vw, 225px\" \/><\/a><\/p>\n","protected":false},"excerpt":{"rendered":"<p>Detta \u00e4r den svenska sidan om Rolf Blomberg, mannen som v\u00e5gade leva sin dr\u00f6m. H\u00e4r f\u00e4rdas l\u00e4saren i Rolfs fotsp\u00e5r, precis som jag gjorde under researchen till min bok Folkhemmets \u00e4ventyrare &#8211; en biografi om forskningsluffaren Rolf Blomberg. Han var den siste \u00e4ventyraren i sitt slag. Forskningsresande, f\u00f6rfattare, fotograf, krigskorrespondent, m\u00e4nniskor\u00e4tts- och milj\u00f6k\u00e4mpe, uppt\u00e4ckare av &#038;hellip <a class=\"read-excerpt\" href=\"https:\/\/rolfblomberg.se\/?page_id=2\">Continue reading <span class=\"meta-nav\">&raquo;<\/span><\/a><\/p>\n","protected":false},"author":1,"featured_media":0,"parent":0,"menu_order":0,"comment_status":"open","ping_status":"open","template":"","meta":{"_mi_skip_tracking":false},"_links":{"self":[{"href":"https:\/\/rolfblomberg.se\/index.php?rest_route=\/wp\/v2\/pages\/2"}],"collection":[{"href":"https:\/\/rolfblomberg.se\/index.php?rest_route=\/wp\/v2\/pages"}],"about":[{"href":"https:\/\/rolfblomberg.se\/index.php?rest_route=\/wp\/v2\/types\/page"}],"author":[{"embeddable":true,"href":"https:\/\/rolfblomberg.se\/index.php?rest_route=\/wp\/v2\/users\/1"}],"replies":[{"embeddable":true,"href":"https:\/\/rolfblomberg.se\/index.php?rest_route=%2Fwp%2Fv2%2Fcomments&post=2"}],"version-history":[{"count":7,"href":"https:\/\/rolfblomberg.se\/index.php?rest_route=\/wp\/v2\/pages\/2\/revisions"}],"predecessor-version":[{"id":1273,"href":"https:\/\/rolfblomberg.se\/index.php?rest_route=\/wp\/v2\/pages\/2\/revisions\/1273"}],"wp:attachment":[{"href":"https:\/\/rolfblomberg.se\/index.php?rest_route=%2Fwp%2Fv2%2Fmedia&parent=2"}],"curies":[{"name":"wp","href":"https:\/\/api.w.org\/{rel}","templated":true}]}}